 value of (12 + -19 + -5 - (-1 - 5)) + -24 + 55?
25
Calculate (-41 - -19) + -2 + 3 + 18.
-3
What is -50 + -2 + -29 + 20 + 26?
-35
What is the value of -597 + 543 - ((-2 - (6 - 5)) + 4)?
-55
What is the value of -171 + (59 - (60 + -102))?
-70
What is 32 + (10 - 30) + 13 + 10?
35
Evaluate -73 + 35 + 82 - -9.
53
What is the value of (-44 - (47 - 55)) + -5?
-41
What is -6 + -2 - ((-72 - 22) + (-16 + -10 - -7))?
105
Evaluate 28 - (-22 + -29) - 40.
39
What is (20 - (-17 + 6 - 2)) + (-15 - -8)?
26
What is the value of 828 + -812 + -2 + 0 + 9?
23
Calculate -4 - (-1 + -20 + 34).
-17
What is 1 - -6 - (-84 - (-35 + -17))?
39
Evaluate -87 - 3 - (-5397 - -5252).
55
What is the value of -38 - -17 - (-14 + 1 + -33)?
25
Calculate (-5 + 1 - (-67 + -1 - (-13 - 2))) + 9.
58
Evaluate (-752 - -757) + (3 + (1 - 3) - 85).
-79
Evaluate -2 + -1 + -6 + (4572 - 4562).
1
What is -68 - (6 + -21 + -28 + 17)?
-42
-12 + 100 - (11 + -10)
87
What is the value of 26 + (7 - (-5 + 3))?
35
Evaluate -97 - (-88 + 89 + (0 - 5 - -11 - 11)).
-93
-43 - (18 + -94) - 44
-11
What is the value of -95 + (-139 - -315 - 64)?
17
(-841 - -838) + 20 + (3 - 2)
18
Evaluate -6 + (30 + -26 + -24 - 56).
-82
(1 - (-3 - -3 - (-9 + (-15 - -24)))) + 35
36
-46 + 1 - (9 - (-23 + (43 - 23)))
-57
Evaluate (50 - 63) + -65 - -59.
-19
What is the value of 7 + (-27 - (21 - 65))?
24
What is -47 + (16 + (-11 - -8) - (-10 + 20))?
-44
Evaluate 5 + -45 + (-21 - -89) + -121.
-93
What is -4 + 30 + -67 + 26 + (112 - -2)?
99
Evaluate -40 - (-63 + (-44 - -33)).
34
Calculate -19 + -41 + 28 + 17 + -59.
-74
Evaluate (41 + -43 - 1) + -17.
-20
What is -2021 + 2046 + 40 + -3?
62
What is the value of 36 + -87 + 46 - (-1 + -60)?
56
(1 - -5) + (31 - (-4 + 67 + 29))
-55
(13 - 9 - 2 - (1 + -46)) + (-26 - -24)
45
What is 7 - (1 + -13 + (-12 - (-128 + 5 + 12)))?
-80
What is (-4 - -24) + (-42 - (-41 - 17))?
36
What is 1 + -8 + (-36 - -19) + (32 - 31)?
-23
What is (2 - ((7 - 5) + -11 + 9)) + 8 - 57?
-47
Calculate (-1 - 3) + -12 + 41 + -8 + 13.
30
Calculate 22 - (-29 - (19 + 6 + -70)).
6
-44 + 71 - (23 - 57 - -12)
49
What is the value of (24 - 77) + 34 - 81?
-100
What is the value of 11 - (50 - -27 - 28)?
-38
Calculate (-13 - -7) + (-4 - 10) - -14.
-6
Evaluate 16 - (25 + 6 + -7) - (-3 - -2 - 72).
65
Calculate 30 - ((-47 - -54) + 5 + -39).
57
What is -1 + (13 - 9) - -10 - (180 - 95)?
-72
What is the value of -8 + 53 + -32 + -32?
-19
Calculate -4 + (16 - 2 - (12 + 13)) - 14.
-29
Calculate -19 + (133 + -95 - (-21 + 5)).
35
What is 31 + -27 - (3 - 0 - (2 + 9))?
12
(-13 - (5 - (-9 - -22))) + (-2 - 1) - -20
12
Evaluate (63 - (94 - 15)) + 66.
50
Evaluate -21 + 14 + (222 - 275).
-60
What is -11 - ((-5 - (-20 + -4)) + -16 + 11)?
-25
What is (1 - 173) + (64 - (66 - 22) - -2)?
-150
What is the value of -1 - (-30 + 86) - -128?
71
Calculate 3921 + -4003 - (-77 - -2).
-7
Calculate 75 - 1 - (-32 - (507 + -542 - (-1 - 6))).
78
What is the value of (552 - 500 - (1 - (-20 - -4))) + -1 + 3?
37
What is the value of (-3 - (0 + 5) - (0 - 12)) + -8?
-4
What is the value of -21 + 51 + 20 + 18?
68
(-2 + -124 - (40 + 26 + -67)) + 14 + 0
-111
What is -15 + 1 + (-43 - -55 - 34)?
-36
Evaluate (-3 - 22) + (73 - 19) + -37.
-8
What is (127 - (313 + -139)) + (29 - -2)?
-16
Calculate 67 + (29 - (-7 + 31)) + -16.
56
Calculate (15 - -93) + (-3 - -18) - ((3 - 4) + 1).
123
What is 2 + (-277 - -269 - (-1 - -31))?
-36
Calculate 2 + -12 - 1 - (-530 + 510).
9
42 + (-84 - -55) - -13
26
Calculate 36 - 81 - (-19 - (-13 + 9)).
-30
What is (-61 - (91 - 143)) + 106?
97
-55 + 20 + -14 + -12 + 43
-18
What is 45 - (-83 + 51 + 15)?
62
Calculate -83 + (68 - 46) + 138.
77
-36 + -28 + (1 - 0) + (197 - 186)
-52
Calculate -48 + (118 - 69) - (0 - -2).
-1
What is (0 - 32) + (-129 - (-225 + 118))?
-54
Calculate -36 + 186 + 4 + 4 + -27.
131
-95 - (84 - 105) - -67
-7
Evaluate (-3 + 2 + -2 - -45) + 54 + -200 + 150.
46
-18 + 40 - 28 - (-3 - -13)
-16
Evaluate (-62 - -3) + (-466 - -540).
15
Evaluate -13 + -19 + (-2 - -38) + 1 + -15.
-10
What is the value of 19 + 1 + 17 + -10 - -31?
58
6 - (0 + -2 + (53 - (19 + 49)))
23
Calculate (10 + 6 + -12 - -63) + 16 + 5.
88
Evaluate (26 - 11) + (45 + -51 - (52 - 1)).
-42
Calculate 0 + 64 - (230 + -342 + 139).
37
What is (28 - 25) + 4 + 10 + -14 - 102?
-99
What is -76 + (-46 + 38 - -32)?
-52
Evaluate 12 - (-3 - (-21 + 16)) - (-50 + 0 + 2).
58
(25 - 22) + -81 + 10
-68
Calculate 12 - (64 - (9 + -14) - (27 - 25)) - 3.
-58
-11 + (11 - 55 - -117)
62
What is the value of -58 + 64 - (-51 + -1) - (-75 - -82)?
51
Calculate (-34 - -16 - -15) + (1 - 3) + 33.
28
(159 - (257 - 206)) + (-21 - 0 - -2)
89
Evaluate 0 + -70 - (1166 - 1206).
-30
What is the value of (39 - 43) + (-3 + 5 - 0) - 4?
-6
(1 - (13 + -10)) + -17 + (1 - (2 + -2))
-18
(-45 - (0 + 24)) + 24 - 29
-74
What is 16 + (15 + 5 - 11 - (5 + 1))?
19
23 - 9 - 14 - ((9 - 37) + -9)
37
What is -7 + 37 - -1 - 37 - -94?
88
(1 - -77) + (113 + -81 - 55)
55
(-24 + 30 - -29) + 41
76
What is the value of -20 - -4 - (66 + -211) - 34?
95
What is the value of -5 - (73 + 33 + -65) - (-1 - 3)?
-42
Evaluate -18 + -16 - (29 - 95) - 57.
-25
Evaluate -59 + 70 - (15 - 28).
24
Evaluate -9 - ((5 - 16) + 0 - (-38 + 42)).
6
What is -84 + -3 - 9 - ((1 - (-10 + 6)) + 2)?
-103
What is (117 + -39 - 39) + -60?
-21
What is the value of 24 - 49 - -29 - (-3 + 2 + -92)?
97
-18 + 56 + -28 - (4 + 2 + -23)
27
What is -24 - (18 + -14 - 10) - (-124 + 82)?
24
Evaluate 29 + (32 - 44 - -11 - -13).
41
What is -2 + (-2 + 50 - -10) + -22?
34
Calculate 4 + (-1 + -1 - 3) + 8 + 39 + -32.
14
(-22 - -4 - 63) + -11 + (16 + -7 - 10)
-93
Evaluate 7 + -11 + (9 - (11 - 10)) - 12.
-8
What is (95 + -23 + 9 - (-8 + 4)) + -6 - 7?
72
(-2 - (-29 - -8) - (-2 - -6)) + 104 + -95
24
-167 - -158 - (68 - 5)
-72
Calculate (72 - (-32 + 86 + -23)) + 25.
66
What is the value of (-74 - 96) + 130 - (36 + -4)?
-72
Evaluate 33 + (39 - 15 - 159).
-102
Calculate 0 - (64 + 43) - -209.
102
What is -18 - 1 - (-572 - -549 - (20 - 0))?
24
What is the value of -123 - (-44 - -27) - -57?
-49
7 + -69 + 91 + -82
-53
(10 - 4) + -34 + 36 + (3 - -14)
25
Evaluate -119 - -54 - 14 - (-8 + -5 + -5).
-61
What is the value of 3 + (-18 - -16) + (-1 - (0 + -3))?
3
0 + 4 - (29 + -1 - ((41 - 87) + 65))
-5
What is the value of (2 - (-33 - -28)) + 1 + 0 - 53?
-45
What is -11 - (14 + -10 + (-10 - (18 + -32)))?
-19
Calculate (-34 + 38 - (0 - -8)) + -7 + 12 + -46.
-45
(8 + -18 - -7) + (28 - -8)
33
What is the value of 97 - ((53 - -40) + -69)?
73
Calculate -2 + 48 + 3185 + -3300.
-69
13 - (-58 + (-2 + 4 + 1 - 7) + -7)
82
What is the value of -28 - (49 + 38 - 224)?
109
Evaluate 14 - (26 - (16 + 10 + -20)) - -26.
20
Evaluate (-2578 - -2615) + (-2 - 1 - -3) + -2 + 1.
36
What is -2 - 16 - (108 - 124 - -38)?
-40
What is 40 + -29 + -46 - -82?
47
Evaluate 7 + -5 - (-60 - (4 - 26)).
40
What is -2 + -16 + -16 + 41?
7
Calculate (-31 - -18 - 20) + 33 - (-51 + 0).
51
Calculate -2 + (-1 - (0 + 12)).
-15
Calculate -15 - (-3 - 3 - (45 - 43)).
-7
Calculate -16 - (-27 + 2) - (-3 + -11 + 2).
21
Calculate (115 + 4 - 114) + -84.
-79
What is (-2 - 4) + 3634 + -3586 + (-1 - 55)?
-14
Calculate (-3 - (-22 + 6)) + -21 - (-2 - 103).
97
Evaluate -3 - (1 + 2) - (-43 + (19 - 54) - -38).
34
What is the value of 40 + -2 + 1 + 0 + 72 + -59?
52
(1 - 0) + (-57 - (-13 + -42)) + -8
-9
(10 + 15 + -36 - (0 - 22)) + -5
6
(36 - 60) + (33 - 42 - (1 - -84))
-118
Calculate 189 - 231 - (-31 + 4) - (-22 - -1).
6
11 + (14 - 2) + (-24 - (-52 + 29))
22
Evaluate 8 + (-4 - -14) + (0 + -10 + 5 - 4).
9
Evaluate (-103 - 7) + 98 - (-1 + -65 - 1).
55
6 - -51 - 160 - -31
-72
12 + -1 + (-18 - 13) + (41 - 24)
-3
What is 19 + (-4 - 22) + (3 - -41)?
37
What is -2 - 9 - (4 + (10 - -43))?
-68
What is (-15 - 19 - (4 + -13)) + 13 + -20?
-32
What is (9 - 6) + 1 + -50 + 10 + -12 + 6?
-42
Evaluate 60 - (18 + -25 - -3 - (-7 - 1)).
56
Evaluate 4 + -54 + -20 + 47.
-23
Calculate 78 + (2 + -1 - -1) - (-244 - -259).
65
What is 23 - 16 - 5 - (-3 - -6) - 73?
-74
Evaluate 21 + (-68 - -86) - -46.
85
What is the value of -8 - (10 - (-673 - -665 - (2 + -1 - 25)))?
-2
Calculate 71 - (-149 - -136 - (-8 - (3 + -2 + -1))).
76
Evaluate 21 + -1 - 2 - (166 + -101 - 129).
82
2 + (22 - 61 - -16) + 2
-19
Evaluate -61 + 6 - (351 - 448).
42
7 + -10 - (-9 + 11 + -15) - -25
35
What is -1 + (-13 + 5 - -6) - (-97 